 = 5*k - 2*d + 35. Let v = k - -8. Let a(s) = 2*s**2 + 4*s - 3. Calculate a(v).
13
Suppose -4*k + 4 = -8. Suppose -5*h + k = -12. Let c(v) = -v - v - 4 + h*v. Determine c(-4).
-8
Let w = 5 - 7. Let o = w + 7. Let g(b) = -b**3 + 5*b**2 + 2*b - 5. Determine g(o).
5
Let p(y) = -14*y**2 + 35*y + 12. Let c(w) = 5*w**2 - 12*w - 4. Let o(z) = -17*c(z) - 6*p(z). Calculate o(-6).
-4
Let g(t) = t + 4. Let b be g(-3). Suppose -3*v - 2*f + b + 7 = 0, 0 = -2*v - 2*f + 2. Let q(p) = p**3 - 2*p**3 - 3*p - 3 - v*p**2 + 2*p. Give q(-6).
3
Suppose 8 = -0*j - 4*j. Let s(a) = -2*a + 1. Give s(j).
5
Suppose 5*h + 42 - 2 = 0. Let i = h - -12. Suppose -i*o - 3*k - 17 = 0, 3*o + k + 13 = -1. Let s(z) = z**2 + 5*z + 6. What is s(o)?
6
Let y(f) be the first derivative of f**4/24 - f**3/6 + f**2/2 - 1. Let r(z) be the second derivative of y(z). Give r(1).
0
Let b(v) = -4*v**2 - 9. Let m(r) = 3*r**2 + 8. Let i(s) = 4*b(s) + 5*m(s). Determine i(3).
-5
Let u(y) be the first derivative of 5 - 2*y**2 + 2*y - 1/3*y**3. Give u(-3).
5
Let p(t) = 2*t**2 + 3*t - 2. Suppose -17*g - 15 = -12*g. What is p(g)?
7
Let i(o) be the second derivative of -o**6/360 + o**5/120 - o**4/8 - o**3/3 - o. Let n(t) be the second derivative of i(t). Suppose 0*w + 2*w = 0. What is n(w)?
-3
Let v(z) = z**2 + 2*z - 3. Let k(d) be the first derivative of 3*d**4/4 - d**3/3 - d**2/2 - d + 4. Let c be k(-1). What is v(c)?
5
Suppose -5*x - 5 = i, -2*i - 4*x + 0*x = 22. Let z be 9/i + (-16)/(-10). Let w(b) = -7*b**3 + b**2 - b + 1. Give w(z).
-6
Let i = -3 + 9. Suppose 0 = 5*t + z + 25, -z = -5*t - i*z - 45. Let j(w) = 5*w - 4. Let p(l) = 6*l - 5. Let o(a) = 4*j(a) - 3*p(a). Give o(t).
-9
Let c(r) be the second derivative of -r**4/12 - r**3/2 + 3*r**2/2 - 9*r. What is c(-4)?
-1
Let a(v) = v**3 - 8*v**2 - 2*v + 3. Let y(p) = 3*p**3 - 23*p**2 - 6*p + 9. Let k(w) = -8*a(w) + 3*y(w). Give k(5).
-7
Let l(c) = -c**3 - 9*c**2 - 8*c + 6. Let v be l(-8). Let b(p) = -p + 5*p**2 + 0*p - v*p**2. Suppose -2*f + 10 = 3*i, 2*f - 3*i - i = -18. Determine b(f).
0
Let y(b) = -b + 5. Let h(r) = r**2 - 4*r + 3. Let x be h(2). Let d be x + -3 + (-2 - -10). Let t = d - 4. Give y(t).
5
Let z(p) = p - 10. Let k be z(5). Let g(j) = -j. Give g(k).
5
Let p(s) = s**2 - 5*s - 8. Let d be p(7). Let h(z) = -z**2 + 1. Let k(t) = -7*t**2 - 2*t + 5. Let g(i) = d*h(i) - k(i). Calculate g(-1).
0
Let p(y) be the first derivative of -3*y**2/2 + 5*y - 2. Suppose -z - 6 = -5*s, 2*s + 24 = 4*z + 6*s. Suppose z*l - 15 = 1. Calculate p(l).
-7
Let k(m) = -8 + 9 + 3*m**2 - 3*m**3 - 3*m**2. Let l be k(1). Let a(r) = -2*r**2 + 4*r - 3. Let u(y) = -3*y**2 + 5*y - 4. Let d(t) = 4*a(t) - 3*u(t). Give d(l).
2
Let o(q) = -q**2 - 2*q + 2. Let v(g) be the first derivative of g**3/3 + g**2/2 - g - 2. Let d(i) = 3*o(i) + 4*v(i). Calculate d(2).
2
Let v(u) be the second derivative of 1/2*u**3 - 1/4*u**4 - 1/2*u**2 - 3*u + 1/20*u**5 + 0. Give v(2).
1
Let z(d) = -6*d + 4 - 2 + 4*d. Determine z(-2).
6
Let j(b) be the third derivative of b**6/120 + b**5/60 + b**4/24 + b**3/6 - 9*b**2. Calculate j(-2).
-5
Let r = -1 - 0. Let c(k) = 7*k**3 - 6*k**2 - k - 5. Let h(f) = 6*f**3 - 5*f**2 - f - 4. Let y(a) = -4*c(a) + 5*h(a). Calculate y(r).
-2
Let v(o) = o**2 - 2*o - 4. Let x be v(4). Suppose -p - x*p + 10 = 0. Let d(w) = 2*w**2 - w - 1. Give d(p).
5
Let j(y) be the first derivative of -y**2/2 + 2*y + 3. Determine j(3).
-1
Let g(t) = t - 7. Let o be g(7). Suppose -3*p = -6 - o. Let q(d) be the second derivative of -d**3/6 + d**2/2 + 6*d. Calculate q(p).
-1
Let w(m) = m. Suppose 5*o + 3 = 2*o. Let a be w(o). Let s(v) be the third derivative of -v**6/60 + v**5/30 + v**4/12 + v**3/6 + v**2. Calculate s(a).
3
Let h(r) = -2*r + 4*r**2 - 2*r + 3*r**3 - r**2 - 4 - 2*r**3. Suppose -z = -v - 0*v - 5, -3*z + 23 = -5*v. Determine h(v).
-4
Let l(g) = g**2. Let o be l(-2). Suppose -3*u - o*q = -2, -3*u = 2*u + 2*q - 8. Suppose 3*h = -v - 6, h + u = v - 0. Let a(f) = f - 4. Calculate a(v).
-4
Suppose 5*a - 4 = 5*w + 21, -8 = 2*w. Let p = a + -4. Let j(y) = 4*y + 4. What is j(p)?
-8
Let p(t) be the second derivative of 1/12*t**4 + t + 0*t**2 - 1/6*t**3 + 7/20*t**5 + 0. Determine p(1).
7
Let o(n) be the second derivative of 1/6*n**3 - 6*n + 0 - 4*n**2. Determine o(4).
-4
Suppose -2*g + 6 = -3*k, -5*k + g - 4 - 6 = 0. Let x(j) = -j - 1. What is x(k)?
1
Let u(r) = -r**2 - 3*r - 3. Let p = -10 + 11. Suppose -4*q - p = 15. Determine u(q).
-7
Let s(c) = c**2 - 5*c + 6. Let t(w) = 5*w**2 - 20*w + 25. Suppose -3*q = -q - 14. Let b = q - 5. Let v(p) = b*t(p) - 9*s(p). What is v(-5)?
-4
Let h(k) be the third derivative of -k**6/360 - k**5/15 + k**4/8 + k**3/2 - k**2. Let v(n) be the first derivative of h(n). Determine v(-6).
15
Let b(u) = u - 10. Let w be (-24)/(-2) - 5 - -1. Calculate b(w).
-2
Let h = -105 + 205. Let a be (-2)/(-9) + h/36. Let n(b) = 4*b - 3. Determine n(a).
9
Let v(q) = -q**3 - 7*q**2 - q - 10. Let i be (-118)/(-8) - (-1)/4. Let f = 8 - i. Calculate v(f).
-3
Let n(y) = y**3 - 2*y - 1. Let v(u) = -8*u - 16. Let t(x) = -7*x - 15. Let s(g) = 7*t(g) - 6*v(g). Let c be s(-6). Let r = 1 + c. Calculate n(r).
-5
Let k be 4*(2 - 9/6). Let g(p) be the first derivative of -4*p + k*p + 2 - p**2 + 4*p. Determine g(3).
-4
Let q be (-3)/(-3 - -6)*-2. Let z(y) = 12*y**2 + 3 - 19*y**2 + 5*y**2 - q - y**3. What is z(-3)?
10
Suppose -63 = -18*b + 9*b. Let u(v) = -v + 2. Determine u(b).
-5
Let u(m) = 2*m**2 - 8*m + 5. Let b(p) = -5*p**2 + 17*p - 11. Let y(x) = 3*b(x) + 7*u(x). Give y(-3).
8
Suppose 1 + 3 = 2*l. Let f(o) be the second derivative of -o - o**2 + 1/6*o**3 - 1/12*o**4 + 1/20*o**5 + 0. Calculate f(l).
4
Suppose -7*h = -2*h + 10. Let u(s) be the third derivative of 1/12*s**4 + 0*s - s**2 + 1/2*s**3 + 1/30*s**5 + 0. Give u(h).
7
Let q = 6 + -17/3. Let g(y) be the first derivative of 3*y**2 - q*y**3 + 1 - 7*y. Give g(5).
-2
Let s = 1 - 1. Let p be s + (2 - -1) - 2. Let m(t) = -2*t - 2*t + 3*t - 4*t**3. Calculate m(p).
-5
Let y(i) = 2*i + 8. Let j be 5/((-50)/(-12))*70/(-14). Determine y(j).
-4
Suppose -3*s + 24 = 3*v, 4*s - v + 11 = 6*s. Suppose f = 2*p + s*p + 6, -5*p = 4*f + 26. Let l(m) = 2*m + 3. What is l(p)?
-1
Let m(o) = o**2 + 4*o - 11. Let l(g) = -g. Let y(z) = -5*l(z) - m(z). Give y(0).
11
Let a(s) = -8*s**3 - s**2. Let b be a(1). Let k be b/(-9) - 1*-3. Let q(w) = w**3 - 4*w**2 + 3*w - 4. Calculate q(k).
8
Let d(q) = 2*q**3 - 3*q**2 - q + 2. Let g(x) = x**2 - 5*x + 1. Let p be g(6). Suppose -2*n + p = 3. Determine d(n).
4
Let o(l) = -3*l - 5. Let r(h) = -14*h - 8. Let u(k) = -15*k - 7. Let f(v) = 7*r(v) - 6*u(v). Let j(d) = 5*f(d) - 14*o(d). Determine j(5).
10
Let s(p) = -p**2 + 3*p + 2. Let r be s(-1). Let f(d) = d + 1. Let o(l) = 3*l**2 - l - 3. Let g(x) = 5*f(x) + o(x). What is g(r)?
6
Let w(y) = -y**2 + 4*y. Let k = 13 + -13. Let b = k + 3. Calculate w(b).
3
Let r = 1645/12 + -137. Let t(a) be the third derivative of r*a**4 + 1/60*a**6 - a**2 + 0*a + 0 + 0*a**5 - 1/6*a**3. Determine t(1).
3
Let u(f) = -6 + 8*f + 14*f - 32*f + 11*f. Let c be -5*(1 - (-1 - -3)). Determine u(c).
-1
Let h(q) = q**3 + 2*q**2 - 2. Let f = -9 + 17. Let n be (-6)/(-9) + f/(-3). Let o(b) = b. Let w be o(n). Give h(w).
-2
Let a(s) = -19*s - 2. Let i be a(-2). Let f be -1*2 - i/(-6). Suppose 2*v - 3*u - 17 = -1, 5*v - f*u = 26. Let o(w) = 2*w**2 - 4*w + 2. Determine o(v).
2
Let s(j) = j**3 + 6*j**2 + 6*j - 4. Let q(d) = d + 3. Let i be q(0). Suppose i*o + 5*b = -25, 0*b = b + 2. Give s(o).
-9
Let b(s) be the third derivative of s**4/24 + s**3/3 + s**2. Let j(u) = -u**2 + 9*u. Let h be j(8). Suppose 7 + h = -3*x. Determine b(x).
-3
Let c(l) = 0*l + l + 4*l. Let v(u) = 66*u. Let b(w) = -27*c(w) + 2*v(w). Determine b(-3).
9
Let i(b) be the first derivative of -b**5/120 + b**4/6 - b**3 + 3. Let s(z) be the third derivative of i(z). What is s(0)?
4
Let p(n) = n**3 + n**2 - 5*n - 4. Let l(c) = c**3 - 3*c**2 - 7*c + 6. Let x be l(4). Let v = x - -6. Let a be 2 + 2 + -7 - v. What is p(a)?
-7
Let d be -7 + (14 + -5 - 0). Let q(k) = -8*k**2 + 6. Let j(w) = 7*w**2 - 5. Let n(m) = -7*j(m) - 6*q(m). What is n(d)?
-5
Let y(g) = g**3 - 7*g**2 + 6*g - 2. Let m be 14/(-4)*(0 - -2). Let a(z) be the third derivative of z**4/24 + 13*z**3/6 - 2*z**2. Let f be a(m). Determine y(f).
-2
Let q = -41 - -42. Let c(v) = -26*v*